{"id":1773,"date":"2025-04-23T07:01:54","date_gmt":"2025-04-23T07:01:54","guid":{"rendered":"http:\/\/klasztorwieliczka.pl\/?page_id=1773"},"modified":"2025-05-02T19:45:42","modified_gmt":"2025-05-02T19:45:42","slug":"oddanie33","status":"publish","type":"page","link":"https:\/\/klasztorwieliczka.pl\/index.php\/oddanie33\/","title":{"rendered":"Oddanie 33"},"content":{"rendered":"<p><div class=\"fusion-fullwidth fullwidth-box fusion-builder-row-1 fusion-flex-container nonhundred-percent-fullwidth non-hundred-percent-height-scrolling\" style=\"--awb-background-position:left top;--awb-border-sizes-top:0px;--awb-border-sizes-bottom:0px;--awb-border-sizes-left:0px;--awb-border-sizes-right:0px;--awb-border-radius-top-left:0px;--awb-border-radius-top-right:0px;--awb-border-radius-bottom-right:0px;--awb-border-radius-bottom-left:0px;--awb-padding-top:90px;--awb-padding-right:15%;--awb-padding-bottom:90px;--awb-padding-left:15%;--awb-flex-wrap:wrap;\" ><div class=\"fusion-builder-row fusion-row fusion-flex-align-items-flex-start fusion-flex-content-wrap\" style=\"max-width:calc( 1280px + 0px );margin-left: calc(-0px \/ 2 );margin-right: calc(-0px \/ 2 );\"><div class=\"fusion-layout-column fusion_builder_column fusion-builder-column-0 fusion_builder_column_1_1 1_1 fusion-flex-column fusion-flex-align-self-flex-start fusion-column-no-min-height\" style=\"--awb-bg-blend:overlay;--awb-bg-size:cover;--awb-width-large:100%;--awb-margin-top-large:0px;--awb-spacing-right-large:0px;--awb-margin-bottom-large:0px;--awb-spacing-left-large:0px;--awb-width-medium:100%;--awb-spacing-right-medium:0px;--awb-spacing-left-medium:0px;--awb-width-small:100%;--awb-spacing-right-small:0px;--awb-spacing-left-small:0px;\"><div class=\"fusion-column-wrapper fusion-flex-justify-content-flex-start fusion-content-layout-column\"><div class=\"fusion-title title fusion-title-1 fusion-title-center fusion-title-text fusion-title-size-two\" style=\"--awb-text-color:#141617;--awb-font-size:30px;\"><div class=\"title-sep-container title-sep-container-left\"><div class=\"title-sep sep- sep-solid\" style=\"border-color:var(--awb-color3);\"><\/div><\/div><span class=\"awb-title-spacer\"><\/span><h2 class=\"fusion-title-heading title-heading-center fusion-responsive-typography-calculated\" style=\"font-family:&quot;Lora&quot;;font-style:normal;font-weight:400;margin:0;font-size:1em;--fontSize:30;line-height:var(--awb-typography1-line-height);\">Oddanie 33 \u2013 rekolekcje ca\u0142kowitego oddania si\u0119 Jezusowi przez Maryj\u0119<\/h2><span class=\"awb-title-spacer\"><\/span><div class=\"title-sep-container title-sep-container-right\"><div class=\"title-sep sep- sep-solid\" style=\"border-color:var(--awb-color3);\"><\/div><\/div><\/div><div ><a class=\"fusion-button button-flat fusion-button-default-size button-default fusion-button-default button-1 fusion-button-default-span fusion-button-default-type\" style=\"width:calc(100%);\" target=\"_self\" href=\"https:\/\/oddanie33.pl\/33dni\"><span class=\"fusion-button-text\">Rozwa\u017cania na ka\u017cdy dzie\u0144 znajdziesz tutaj <\/span><\/a><\/div><div class=\"fusion-text fusion-text-1\" style=\"--awb-font-size:17px;--awb-line-height:1.7;--awb-text-color:#141617;--awb-text-font-family:&quot;Lora&quot;;--awb-text-font-style:normal;--awb-text-font-weight:400;\"><p><span style=\"font-weight: 400;\"><br \/><\/span><\/p>\n<p><span style=\"background-color: rgba(0, 0, 0, 0);\">\u201eOddanie 33\u201d to wyj\u0105tkowe, 33-dniowe rekolekcje duchowe przygotowuj\u0105ce do aktu ca\u0142kowitego oddania si\u0119 Matce Bo\u017cej. Program zosta\u0142 opracowany przez Adriana Paku\u0142\u0119 i inspirowany jest duchowo\u015bci\u0105 \u015bw. Ludwika Marii Grignion de Montfort, autora \u201eTraktatu o doskona\u0142ym nabo\u017ce\u0144stwie do Naj\u015bwi\u0119tszej Maryi Panny\u201d.<\/span><\/p>\n<p><span style=\"font-weight: 400;\">Rekolekcje prowadz\u0105 uczestnika przez codzienne rozwa\u017cania, modlitwy i kr\u00f3tkie komentarze, pomagaj\u0105c mu pog\u0142\u0119bi\u0107 relacj\u0119 z Jezusem przez Maryj\u0119. Kulminacj\u0105 jest uroczysty akt oddania si\u0119 Jezusowi przez r\u0119ce Maryi.<\/span><\/p>\n<h3 class=\"\" style=\"--fontsize: 26; line-height: 1.4;\" data-fontsize=\"26\" data-lineheight=\"36.4px\"><b>Dla kogo?<\/b><\/h3>\n<p><span style=\"font-weight: 400;\">Dla ka\u017cdego \u2013 zar\u00f3wno os\u00f3b \u015bwieckich, jak i duchownych \u2013 pragn\u0105cych pog\u0142\u0119bi\u0107 swoj\u0105 duchowo\u015b\u0107 maryjn\u0105 i odda\u0107 swoje \u017cycie Jezusowi. <\/span><span style=\"font-weight: 400;\"> Rekolekcje s\u0105 r\u00f3wnie\u017c doskona\u0142\u0105 propozycj\u0105 dla tych, kt\u00f3rzy ju\u017c kiedy\u015b dokonali aktu oddania, ale pragn\u0105 go odnowi\u0107 i prze\u017cy\u0107 na nowo.<\/span><\/p>\n<h3 class=\"\" style=\"--fontsize: 26; line-height: 1.4;\" data-fontsize=\"26\" data-lineheight=\"36.4px\"><b>Dlaczego warto?<\/b><\/h3>\n<p><span style=\"font-weight: 400;\">To droga duchowego wzrostu, zaufania i zawierzenia. W Polsce ju\u017c ponad milion os\u00f3b zdecydowa\u0142o si\u0119 na t\u0119 duchow\u0105 przygod\u0119.<\/span><\/p>\n<h3 class=\"\" style=\"--fontsize: 26; line-height: 1.4;\" data-fontsize=\"26\" data-lineheight=\"36.4px\"><b>W Wieliczce ju\u017c od 11 maja 2025!<\/b><\/h3>\n<p><span style=\"font-weight: 400;\">W ramach jubileuszu 400-lecia obecno\u015bci Ojc\u00f3w Franciszkan\u00f3w w Wieliczce, parafia zaprasza na wsp\u00f3lne prze\u017cycie rekolekcji \u201eOddanie 33\u201d. Rozpocz\u0119cie ju\u017c 11 maja 2025 roku. To doskona\u0142a okazja, by pog\u0142\u0119bi\u0107 swoj\u0105 wiar\u0119 i odda\u0107 \u017cycie Jezusowi przez Maryj\u0119.<\/span><\/p>\n<h3 class=\"\" style=\"--fontsize: 26; line-height: 1.4;\" data-fontsize=\"26\" data-lineheight=\"36.4px\"><\/h3><\/p>\n<\/div><\/div><\/div><\/div><\/div><div class=\"fusion-fullwidth fullwidth-box fusion-builder-row-2 fusion-flex-container has-pattern-background has-mask-background nonhundred-percent-fullwidth non-hundred-percent-height-scrolling\" style=\"--awb-border-radius-top-left:0px;--awb-border-radius-top-right:0px;--awb-border-radius-bottom-right:0px;--awb-border-radius-bottom-left:0px;--awb-flex-wrap:wrap;\" ><div class=\"fusion-builder-row fusion-row fusion-flex-align-items-flex-start fusion-flex-content-wrap\" style=\"max-width:1331.2px;margin-left: calc(-4% \/ 2 );margin-right: calc(-4% \/ 2 );\"><\/div><\/div><\/p>\n","protected":false},"excerpt":{"rendered":"","protected":false},"author":1,"featured_media":0,"parent":0,"menu_order":0,"comment_status":"closed","ping_status":"closed","template":"100-width.php","meta":{"footnotes":""},"class_list":["post-1773","page","type-page","status-publish","hentry"],"_links":{"self":[{"href":"https:\/\/klasztorwieliczka.pl\/index.php\/wp-json\/wp\/v2\/pages\/1773","targetHints":{"allow":["GET"]}}],"collection":[{"href":"https:\/\/klasztorwieliczka.pl\/index.php\/wp-json\/wp\/v2\/pages"}],"about":[{"href":"https:\/\/klasztorwieliczka.pl\/index.php\/wp-json\/wp\/v2\/types\/page"}],"author":[{"embeddable":true,"href":"https:\/\/klasztorwieliczka.pl\/index.php\/wp-json\/wp\/v2\/users\/1"}],"replies":[{"embeddable":true,"href":"https:\/\/klasztorwieliczka.pl\/index.php\/wp-json\/wp\/v2\/comments?post=1773"}],"version-history":[{"count":14,"href":"https:\/\/klasztorwieliczka.pl\/index.php\/wp-json\/wp\/v2\/pages\/1773\/revisions"}],"predecessor-version":[{"id":2210,"href":"https:\/\/klasztorwieliczka.pl\/index.php\/wp-json\/wp\/v2\/pages\/1773\/revisions\/2210"}],"wp:attachment":[{"href":"https:\/\/klasztorwieliczka.pl\/index.php\/wp-json\/wp\/v2\/media?parent=1773"}],"curies":[{"name":"wp","href":"https:\/\/api.w.org\/{rel}","templated":true}]}}