{"id":1951,"date":"2025-04-29T12:18:47","date_gmt":"2025-04-29T12:18:47","guid":{"rendered":"http:\/\/klasztorwieliczka.pl\/?page_id=1951"},"modified":"2025-05-26T06:13:16","modified_gmt":"2025-05-26T06:13:16","slug":"warsztay-zapisy","status":"publish","type":"page","link":"https:\/\/klasztorwieliczka.pl\/index.php\/warsztaty\/warsztay-zapisy\/","title":{"rendered":"ZAPISY"},"content":{"rendered":"<p><div class=\"fusion-fullwidth fullwidth-box fusion-builder-row-1 fusion-flex-container has-pattern-background has-mask-background fusion-parallax-none nonhundred-percent-fullwidth non-hundred-percent-height-scrolling lazyload\" style=\"--awb-border-radius-top-left:0px;--awb-border-radius-top-right:0px;--awb-border-radius-bottom-right:0px;--awb-border-radius-bottom-left:0px;--awb-padding-bottom:74px;--awb-background-size:cover;--awb-flex-wrap:wrap;\" data-bg=\"https:\/\/klasztorwieliczka.pl\/wp-content\/uploads\/2025\/04\/pexels-ian-panelo-3731014-1-scaled.jpg\" ><div class=\"fusion-builder-row fusion-row fusion-flex-align-items-flex-start fusion-flex-content-wrap\" style=\"max-width:1331.2px;margin-left: calc(-4% \/ 2 );margin-right: calc(-4% \/ 2 );\"><div class=\"fusion-layout-column fusion_builder_column fusion-builder-column-0 fusion_builder_column_1_1 1_1 fusion-flex-column\" style=\"--awb-padding-bottom:25px;--awb-bg-size:cover;--awb-width-large:100%;--awb-margin-top-large:0px;--awb-spacing-right-large:1.92%;--awb-margin-bottom-large:62px;--awb-spacing-left-large:1.92%;--awb-width-medium:100%;--awb-order-medium:0;--awb-spacing-right-medium:1.92%;--awb-spacing-left-medium:1.92%;--awb-width-small:100%;--awb-order-small:0;--awb-spacing-right-small:1.92%;--awb-spacing-left-small:1.92%;\"><div class=\"fusion-column-wrapper fusion-column-has-shadow fusion-flex-justify-content-flex-start fusion-content-layout-column\"><\/div><\/div><\/div><\/div><div class=\"fusion-fullwidth fullwidth-box fusion-builder-row-2 fusion-flex-container nonhundred-percent-fullwidth non-hundred-percent-height-scrolling\" style=\"--link_hover_color: #7a55aa;--link_color: #7a55aa;--awb-border-sizes-top:0px;--awb-border-sizes-bottom:0px;--awb-border-sizes-left:0px;--awb-border-sizes-right:0px;--awb-border-color:#f6f6f4;--awb-border-radius-top-left:0px;--awb-border-radius-top-right:0px;--awb-border-radius-bottom-right:0px;--awb-border-radius-bottom-left:0px;--awb-padding-top:25px;--awb-padding-right:30px;--awb-padding-bottom:80px;--awb-padding-left:30px;--awb-padding-top-small:45px;--awb-padding-bottom-small:45px;--awb-margin-top:0px;--awb-margin-bottom:0px;--awb-background-color:#fcfeff;--awb-flex-wrap:wrap;\" ><div class=\"fusion-builder-row fusion-row fusion-flex-align-items-center fusion-flex-content-wrap\" style=\"max-width:1382.4px;margin-left: calc(-8% \/ 2 );margin-right: calc(-8% \/ 2 );\"><div class=\"fusion-layout-column fusion_builder_column fusion-builder-column-1 fusion_builder_column_1_1 1_1 fusion-flex-column fusion-animated\" style=\"--awb-bg-size:cover;--awb-width-large:100%;--awb-margin-top-large:0px;--awb-spacing-right-large:3.68%;--awb-margin-bottom-large:0px;--awb-spacing-left-large:2.024%;--awb-width-medium:60%;--awb-order-medium:0;--awb-spacing-right-medium:6.1333333333333%;--awb-spacing-left-medium:3.3733333333333%;--awb-width-small:100%;--awb-order-small:0;--awb-spacing-right-small:3.68%;--awb-spacing-left-small:3.68%;\" data-animationType=\"fadeInRight\" data-animationDuration=\"1.3\" data-animationOffset=\"top-into-view\"><div class=\"fusion-column-wrapper fusion-column-has-shadow fusion-flex-justify-content-flex-start fusion-content-layout-column\"><div class=\"fusion-title title fusion-title-1 fusion-title-center fusion-title-text fusion-title-size-two\" style=\"--awb-text-color:#141617;--awb-margin-top:10px;--awb-margin-bottom:60px;--awb-margin-top-small:10px;--awb-margin-bottom-small:40px;--awb-font-size:30px;\"><div class=\"title-sep-container title-sep-container-left\"><div class=\"title-sep sep- sep-solid\" style=\"border-color:var(--awb-color3);\"><\/div><\/div><span class=\"awb-title-spacer\"><\/span><h2 class=\"fusion-title-heading title-heading-center fusion-responsive-typography-calculated\" style=\"font-family:&quot;Lora&quot;;font-style:normal;font-weight:400;margin:0;font-size:1em;text-transform:var(--awb-typography1-text-transform);--fontSize:30;line-height:1.2;\">Je\u015bli masz 18 lat i chcesz wzi\u0105\u0107 udzia\u0142 w warsztatach to wype\u0142nij formularz zapisu. CZEKAMY W\u0141A\u015aNIE NA CIEBIE!!!<\/h2><span class=\"awb-title-spacer\"><\/span><div class=\"title-sep-container title-sep-container-right\"><div class=\"title-sep sep- sep-solid\" style=\"border-color:var(--awb-color3);\"><\/div><\/div><\/div><div class=\"fusion-text fusion-text-1\" style=\"--awb-font-size:17px;--awb-text-color:#141617;--awb-text-font-family:&quot;Lora&quot;;--awb-text-font-style:normal;--awb-text-font-weight:400;\"><p class=\"\" data-start=\"325\" data-end=\"395\"><strong data-start=\"325\" data-end=\"348\">Koszt uczestnictwa:<\/strong><br data-start=\"348\" data-end=\"351\">\u2013 250 PLN od osoby<br data-start=\"369\" data-end=\"372\">\u2013 450 PLN od ma\u0142\u017ce\u0144stwa<\/p>\n<p class=\"\" data-start=\"397\" data-end=\"555\">Wp\u0142aty prosimy dokonywa\u0107 na poni\u017cszy numer konta:<br data-start=\"446\" data-end=\"449\"><strong data-start=\"449\" data-end=\"485\">53 8619 0006 0010 0200 4499 0001<\/strong><br data-start=\"485\" data-end=\"488\">Ma\u0142opolski Bank Sp\u00f3\u0142dzielczy<br data-start=\"516\" data-end=\"519\">Tytu\u0142 przelewu: <em data-start=\"535\" data-end=\"555\">warsztaty muzyczne<\/em><\/p>\n<p class=\"\" data-start=\"557\" data-end=\"635\">Zaksi\u0119gowanie wp\u0142aty jest r\u00f3wnoznaczne z potwierdzeniem udzia\u0142u w warsztatach.<\/p>\n<\/div><div ><a class=\"fusion-button button-flat fusion-button-default-size button-custom fusion-button-default button-1 fusion-button-default-span fusion-button-default-type\" style=\"--button_accent_color:#1a1225;--button_border_color:#1a1225;--button_accent_hover_color:#ffffff;--button_border_hover_color:#ffffff;--button_gradient_top_color:var(--awb-color4);--button_gradient_bottom_color:var(--awb-color4);--button_gradient_top_color_hover:var(--awb-color4);--button_gradient_bottom_color_hover:var(--awb-color4);width:calc(100%);\" target=\"_self\" id=\"1722\"><span class=\"fusion-button-text\">Formularz zapisu<\/span><\/a><\/div><div class=\"wpforms-container wpforms-container-full wpforms-render-modern\" id=\"wpforms-1722\"><form id=\"wpforms-form-1722\" class=\"wpforms-validate wpforms-form wpforms-ajax-form\" data-formid=\"1722\" method=\"post\" enctype=\"multipart\/form-data\" action=\"\/index.php\/wp-json\/wp\/v2\/pages\/1951\" data-token=\"120d66e1c276a342927f870a69bf1bd5\" data-token-time=\"1777713964\"><noscript class=\"wpforms-error-noscript\">Aby wype\u0142ni\u0107 ten formularz, w\u0142\u0105cz obs\u0142ug\u0119 JavaScript w przegl\u0105darce.<\/noscript><div class=\"wpforms-hidden\" id=\"wpforms-error-noscript\">Aby wype\u0142ni\u0107 ten formularz, w\u0142\u0105cz obs\u0142ug\u0119 JavaScript w przegl\u0105darce.<\/div><div class=\"wpforms-field-container\"><div id=\"wpforms-1722-field_1-container\" class=\"wpforms-field wpforms-field-name\" data-field-id=\"1\"><fieldset><legend class=\"wpforms-field-label\">Imi\u0119 i nazwisko <span class=\"wpforms-required-label\" aria-hidden=\"true\">*<\/span><\/legend><div class=\"wpforms-field-row wpforms-field-medium\"><div class=\"wpforms-field-row-block wpforms-first wpforms-one-half\"><input type=\"text\" id=\"wpforms-1722-field_1\" class=\"wpforms-field-name-first wpforms-field-required\" name=\"wpforms[fields][1][first]\" aria-errormessage=\"wpforms-1722-field_1-error\" required><label for=\"wpforms-1722-field_1\" class=\"wpforms-field-sublabel after wpforms-sublabel-hide\">Pierwszy<\/label><\/div><div class=\"wpforms-field-row-block wpforms-one-half\"><input type=\"text\" id=\"wpforms-1722-field_1-last\" class=\"wpforms-field-name-last wpforms-field-required\" name=\"wpforms[fields][1][last]\" aria-errormessage=\"wpforms-1722-field_1-last-error\" required><label for=\"wpforms-1722-field_1-last\" class=\"wpforms-field-sublabel after wpforms-sublabel-hide\">Ostatni<\/label><\/div><\/div><\/fieldset><\/div><div id=\"wpforms-1722-field_2-container\" class=\"wpforms-field wpforms-field-email\" data-field-id=\"2\"><label class=\"wpforms-field-label\" for=\"wpforms-1722-field_2\">Adres email <span class=\"wpforms-required-label\" aria-hidden=\"true\">*<\/span><\/label><input type=\"email\" id=\"wpforms-1722-field_2\" class=\"wpforms-field-medium wpforms-field-required\" name=\"wpforms[fields][2]\" spellcheck=\"false\" aria-errormessage=\"wpforms-1722-field_2-error\" required><\/div><div id=\"wpforms-1722-field_3-container\" class=\"wpforms-field wpforms-field-phone\" data-field-id=\"3\"><label class=\"wpforms-field-label\" for=\"wpforms-1722-field_3\">Numer telefonu <span class=\"wpforms-required-label\" aria-hidden=\"true\">*<\/span><\/label><input type=\"tel\" id=\"wpforms-1722-field_3\" class=\"wpforms-field-medium wpforms-field-required\" data-rule-int-phone-field=\"true\" name=\"wpforms[fields][3]\" placeholder=\"123 456 789\" aria-label=\"Numer telefonu\" aria-errormessage=\"wpforms-1722-field_3-error\" required><\/div><div id=\"wpforms-1722-field_4-container\" class=\"wpforms-field wpforms-field-text\" data-field-id=\"4\"><label class=\"wpforms-field-label\" for=\"wpforms-1722-field_4\">Parafia lub miejscowo\u015b\u0107 <span class=\"wpforms-required-label\" aria-hidden=\"true\">*<\/span><\/label><input type=\"text\" id=\"wpforms-1722-field_4\" class=\"wpforms-field-medium wpforms-field-required\" name=\"wpforms[fields][4]\" aria-errormessage=\"wpforms-1722-field_4-error\" required><\/div><div id=\"wpforms-1722-field_5-container\" class=\"wpforms-field wpforms-field-radio\" data-field-id=\"5\"><fieldset><legend class=\"wpforms-field-label\">G\u0142os <span class=\"wpforms-required-label\" aria-hidden=\"true\">*<\/span><\/legend><ul id=\"wpforms-1722-field_5\" class=\"wpforms-field-required\"><li class=\"choice-1 depth-1\"><input type=\"radio\" id=\"wpforms-1722-field_5_1\" name=\"wpforms[fields][5]\" value=\"Sopran\" aria-errormessage=\"wpforms-1722-field_5_1-error\" required ><label class=\"wpforms-field-label-inline\" for=\"wpforms-1722-field_5_1\">Sopran<\/label><\/li><li class=\"choice-2 depth-1\"><input type=\"radio\" id=\"wpforms-1722-field_5_2\" name=\"wpforms[fields][5]\" value=\"Alt\" aria-errormessage=\"wpforms-1722-field_5_2-error\" required ><label class=\"wpforms-field-label-inline\" for=\"wpforms-1722-field_5_2\">Alt<\/label><\/li><li class=\"choice-3 depth-1\"><input type=\"radio\" id=\"wpforms-1722-field_5_3\" name=\"wpforms[fields][5]\" value=\"Tenor\" aria-errormessage=\"wpforms-1722-field_5_3-error\" required ><label class=\"wpforms-field-label-inline\" for=\"wpforms-1722-field_5_3\">Tenor<\/label><\/li><li class=\"choice-4 depth-1\"><input type=\"radio\" id=\"wpforms-1722-field_5_4\" name=\"wpforms[fields][5]\" value=\"Bas\" aria-errormessage=\"wpforms-1722-field_5_4-error\" required ><label class=\"wpforms-field-label-inline\" for=\"wpforms-1722-field_5_4\">Bas<\/label><\/li><\/ul><\/fieldset><\/div><div id=\"wpforms-1722-field_7-container\" class=\"wpforms-field wpforms-field-radio\" data-field-id=\"7\"><fieldset><legend class=\"wpforms-field-label\">Jestem osob\u0105 pe\u0142noletni\u0105 <span class=\"wpforms-required-label\" aria-hidden=\"true\">*<\/span><\/legend><ul id=\"wpforms-1722-field_7\" class=\"wpforms-field-required\"><li class=\"choice-1 depth-1\"><input type=\"radio\" id=\"wpforms-1722-field_7_1\" name=\"wpforms[fields][7]\" value=\"Tak\" aria-errormessage=\"wpforms-1722-field_7_1-error\" required ><label class=\"wpforms-field-label-inline\" for=\"wpforms-1722-field_7_1\">Tak<\/label><\/li><li class=\"choice-2 depth-1\"><input type=\"radio\" id=\"wpforms-1722-field_7_2\" name=\"wpforms[fields][7]\" value=\"Nie\" aria-errormessage=\"wpforms-1722-field_7_2-error\" required ><label class=\"wpforms-field-label-inline\" for=\"wpforms-1722-field_7_2\">Nie<\/label><\/li><\/ul><\/fieldset><\/div><div id=\"wpforms-1722-field_8-container\" class=\"wpforms-field wpforms-field-checkbox\" data-field-id=\"8\"><fieldset><legend class=\"wpforms-field-label\">Zgoda na udzia\u0142 w wydarzeniu <span class=\"wpforms-required-label\" aria-hidden=\"true\">*<\/span><\/legend><ul id=\"wpforms-1722-field_8\" class=\"wpforms-field-required\"><li class=\"choice-1 depth-1\"><input type=\"checkbox\" id=\"wpforms-1722-field_8_1\" name=\"wpforms[fields][8][]\" value=\"Wyra\u017cam zgod\u0119\" aria-errormessage=\"wpforms-1722-field_8_1-error\" aria-describedby=\"wpforms-1722-field_8-description\" required ><label class=\"wpforms-field-label-inline\" for=\"wpforms-1722-field_8_1\">Wyra\u017cam zgod\u0119<\/label><\/li><\/ul><div id=\"wpforms-1722-field_8-description\" class=\"wpforms-field-description wpforms-disclaimer-description\">Wyra\u017cam zgod\u0119 na przetwarzanie moich danych osobowych zawartych w powy\u017cszym formularzu i o\u015bwiadczam, \u017ce zapozna\u0142em si\u0119 z klauzul\u0105 informacyjn\u0105 zawart\u0105 poni\u017cej:<br \/>\nZgodnie z art. 8 ust. 1 Dekretu og\u00f3lnego w sprawie ochrony os\u00f3b fizycznych w zwi\u0105zku z przetwarzaniem danych osobowych w Ko\u015bciele katolickim wydanym przez Konferencj\u0119 Episkopatu Polski w dniu 13 marca 2018 r. (dalej: Dekret) informuj\u0119, \u017ce:<br \/>\n1) administratorem Pani\/Pana danych osobowych jest Klasztor i Parafia p.w. \u015bw. Franciszka z Asy\u017cu<br \/>\nul. Br. Alojzego Kosiby 31<br \/>\n32-020 Wieliczka<br \/>\n2) inspektorem ochrony danych jest Pan Jakub Kwa\u015bnik, Inspektor Ochrony Danych Archidiecezji Krakowskiej, adres mailowy: diod@diecezja.krakow.pl<br \/>\n3) Pani\/Pana dane osobowe przetwarzane b\u0119d\u0105 w celu organizacji warsztat\u00f3w muzycznych<br \/>\n4) podstaw\u0105 przetwarzania tych danych jest Pani\/Pana zgoda (art. 6 u. 1 lit. a) RODO LUB art. 7 u.1 pkt 1) Dekretu KEP);<br \/>\n5) odbiorc\u0105 Pani\/Pana danych osobowych jest Klasztor i Parafia p.w. \u015bw. Franciszka z Asy\u017cu<br \/>\nul. Br. Alojzego Kosiby 31<br \/>\n32-020 Wieliczka<br \/>\n6) Pani\/Pana dane osobowe nie b\u0119d\u0105 przekazywane do publicznej ko\u015bcielnej osoby prawnej maj\u0105cej siedzib\u0119 poza terytorium<br \/>\nRzeczypospolitej Polskiej;<br \/>\n7) Pani\/Pana dane osobowe b\u0119d\u0105 przechowywane przez okres jednego roku;<br \/>\n8) posiada Pani\/Pan prawo dost\u0119pu do tre\u015bci swoich danych oraz prawo ich sprostowania, usuni\u0119cia lub ograniczenia przetwarzania zgodnie z Dekretem;<br \/>\n9) ma Pani\/Pan prawo wniesienia skargi do Ko\u015bcielnego Inspektora Ochrony Danych (Skwer kard. Stefana Wyszy\u0144skiego 6, 01-015 Warszawa, kiod@episkopat.pl), je\u017celi uzna Pani\/Pan, i\u017c przetwarzanie danych osobowych Pani\/Pana dotycz\u0105cych narusza przepisy Dekretu.<br \/>\n<\/div><\/fieldset><\/div><\/div><!-- .wpforms-field-container --><div class=\"wpforms-submit-container\" ><input type=\"hidden\" name=\"wpforms[id]\" value=\"1722\"><input type=\"hidden\" name=\"page_title\" value=\"\"><input type=\"hidden\" name=\"page_url\" value=\"https:\/\/klasztorwieliczka.pl\/index.php\/wp-json\/wp\/v2\/pages\/1951\"><input type=\"hidden\" name=\"url_referer\" value=\"\"><button type=\"submit\" name=\"wpforms[submit]\" id=\"wpforms-submit-1722\" class=\"wpforms-submit\" data-alt-text=\"Zapisuje\" data-submit-text=\"Wy\u015blij\" aria-live=\"assertive\" value=\"wpforms-submit\">Wy\u015blij<\/button><img decoding=\"async\" src=\"data:image\/svg+xml,%3Csvg%20xmlns%3D%27http%3A%2F%2Fwww.w3.org%2F2000%2Fsvg%27%20width%3D%2726%27%20height%3D%2726%27%20viewBox%3D%270%200%2026%2026%27%3E%3Crect%20width%3D%2726%27%20height%3D%2726%27%20fill-opacity%3D%220%22%2F%3E%3C%2Fsvg%3E\" data-orig-src=\"https:\/\/klasztorwieliczka.pl\/wp-content\/plugins\/wpforms\/assets\/images\/submit-spin.svg\" class=\"lazyload wpforms-submit-spinner\" style=\"display: none;\" width=\"26\" height=\"26\" alt=\"Wczytywanie\"><\/div><\/form><\/div>  <!-- .wpforms-container --><\/div><\/div><\/div><\/div><div class=\"fusion-fullwidth fullwidth-box fusion-builder-row-3 fusion-flex-container has-pattern-background has-mask-background nonhundred-percent-fullwidth non-hundred-percent-height-scrolling\" style=\"--awb-border-radius-top-left:0px;--awb-border-radius-top-right:0px;--awb-border-radius-bottom-right:0px;--awb-border-radius-bottom-left:0px;--awb-flex-wrap:wrap;\" ><div class=\"fusion-builder-row fusion-row fusion-flex-align-items-flex-start fusion-flex-content-wrap\" style=\"max-width:1331.2px;margin-left: calc(-4% \/ 2 );margin-right: calc(-4% \/ 2 );\"><div class=\"fusion-layout-column fusion_builder_column fusion-builder-column-2 fusion_builder_column_4_5 4_5 fusion-flex-column fusion-flex-align-self-center\" style=\"--awb-bg-size:cover;--awb-width-large:80%;--awb-margin-top-large:0px;--awb-spacing-right-large:2.4%;--awb-margin-bottom-large:0px;--awb-spacing-left-large:2.4%;--awb-width-medium:100%;--awb-order-medium:0;--awb-spacing-right-medium:1.92%;--awb-spacing-left-medium:1.92%;--awb-width-small:100%;--awb-order-small:0;--awb-spacing-right-small:1.92%;--awb-spacing-left-small:1.92%;\"><div class=\"fusion-column-wrapper fusion-column-has-shadow fusion-flex-justify-content-flex-start fusion-content-layout-column\"><\/div><\/div><div class=\"fusion-layout-column fusion_builder_column fusion-builder-column-3 fusion_builder_column_1_5 1_5 fusion-flex-column\" style=\"--awb-bg-size:cover;--awb-width-large:20%;--awb-margin-top-large:0px;--awb-spacing-right-large:9.6%;--awb-margin-bottom-large:0px;--awb-spacing-left-large:9.6%;--awb-width-medium:100%;--awb-order-medium:0;--awb-spacing-right-medium:1.92%;--awb-spacing-left-medium:1.92%;--awb-width-small:100%;--awb-order-small:0;--awb-spacing-right-small:1.92%;--awb-spacing-left-small:1.92%;\"><div class=\"fusion-column-wrapper fusion-column-has-shadow fusion-flex-justify-content-flex-start fusion-content-layout-column\"><\/div><\/div><\/div><\/div><\/p>\n","protected":false},"excerpt":{"rendered":"","protected":false},"author":4,"featured_media":0,"parent":16,"menu_order":0,"comment_status":"closed","ping_status":"closed","template":"","meta":{"footnotes":""},"class_list":["post-1951","page","type-page","status-publish","hentry"],"_links":{"self":[{"href":"https:\/\/klasztorwieliczka.pl\/index.php\/wp-json\/wp\/v2\/pages\/1951","targetHints":{"allow":["GET"]}}],"collection":[{"href":"https:\/\/klasztorwieliczka.pl\/index.php\/wp-json\/wp\/v2\/pages"}],"about":[{"href":"https:\/\/klasztorwieliczka.pl\/index.php\/wp-json\/wp\/v2\/types\/page"}],"author":[{"embeddable":true,"href":"https:\/\/klasztorwieliczka.pl\/index.php\/wp-json\/wp\/v2\/users\/4"}],"replies":[{"embeddable":true,"href":"https:\/\/klasztorwieliczka.pl\/index.php\/wp-json\/wp\/v2\/comments?post=1951"}],"version-history":[{"count":20,"href":"https:\/\/klasztorwieliczka.pl\/index.php\/wp-json\/wp\/v2\/pages\/1951\/revisions"}],"predecessor-version":[{"id":2225,"href":"https:\/\/klasztorwieliczka.pl\/index.php\/wp-json\/wp\/v2\/pages\/1951\/revisions\/2225"}],"up":[{"embeddable":true,"href":"https:\/\/klasztorwieliczka.pl\/index.php\/wp-json\/wp\/v2\/pages\/16"}],"wp:attachment":[{"href":"https:\/\/klasztorwieliczka.pl\/index.php\/wp-json\/wp\/v2\/media?parent=1951"}],"curies":[{"name":"wp","href":"https:\/\/api.w.org\/{rel}","templated":true}]}}