{"id":2261,"date":"2025-11-05T07:46:26","date_gmt":"2025-11-05T07:46:26","guid":{"rendered":"https:\/\/klasztorwieliczka.pl\/?page_id=2261"},"modified":"2025-11-05T07:46:26","modified_gmt":"2025-11-05T07:46:26","slug":"spowiedz-swieta","status":"publish","type":"page","link":"https:\/\/klasztorwieliczka.pl\/index.php\/spowiedz-swieta\/","title":{"rendered":"Spowied\u017a \u015awi\u0119ta"},"content":{"rendered":"<h2>HARMONOGRAM SAKRAMENTU POKUTY I POJEDNANIA W CI\u0104GU ROKU LITURGICZNEGO:<\/h2>\n<ul>\n<li>codziennie: 30 min przed ka\u017cd\u0105 Msz\u0105 \u015awi\u0119t\u0105<\/li>\n<\/ul>\n<p>&nbsp;<\/p>\n<h2>DY\u017bURY W KONFESJONALE (17:00-18:00):<\/h2>\n<ul>\n<li>PONIEDZIA\u0141EK &#8211; o. Kamil<\/li>\n<li>WTOREK &#8211; o. Adrian<\/li>\n<li>\u015aRODA &#8211; o. Tomasz<\/li>\n<li>CZWARTEK &#8211; o. \u0141ukasz<\/li>\n<li>PI\u0104TEK &#8211; o. Mariusz<\/li>\n<li>SOBOTA &#8211; o. Artur<\/li>\n<\/ul>\n","protected":false},"excerpt":{"rendered":"<p>HARMONOGRAM SAKRAMENTU POKUTY I POJEDNANIA W CI\u0104GU ROKU LITURGICZNEGO: codziennie: 30 min przed ka\u017cd\u0105 Msz\u0105 \u015awi\u0119t\u0105 &nbsp; DY\u017bURY W KONFESJONALE (17:00-18:00): PONIEDZIA\u0141EK<\/p>\n","protected":false},"author":5,"featured_media":0,"parent":0,"menu_order":0,"comment_status":"closed","ping_status":"closed","template":"","meta":{"footnotes":""},"class_list":["post-2261","page","type-page","status-publish","hentry"],"_links":{"self":[{"href":"https:\/\/klasztorwieliczka.pl\/index.php\/wp-json\/wp\/v2\/pages\/2261","targetHints":{"allow":["GET"]}}],"collection":[{"href":"https:\/\/klasztorwieliczka.pl\/index.php\/wp-json\/wp\/v2\/pages"}],"about":[{"href":"https:\/\/klasztorwieliczka.pl\/index.php\/wp-json\/wp\/v2\/types\/page"}],"author":[{"embeddable":true,"href":"https:\/\/klasztorwieliczka.pl\/index.php\/wp-json\/wp\/v2\/users\/5"}],"replies":[{"embeddable":true,"href":"https:\/\/klasztorwieliczka.pl\/index.php\/wp-json\/wp\/v2\/comments?post=2261"}],"version-history":[{"count":2,"href":"https:\/\/klasztorwieliczka.pl\/index.php\/wp-json\/wp\/v2\/pages\/2261\/revisions"}],"predecessor-version":[{"id":2393,"href":"https:\/\/klasztorwieliczka.pl\/index.php\/wp-json\/wp\/v2\/pages\/2261\/revisions\/2393"}],"wp:attachment":[{"href":"https:\/\/klasztorwieliczka.pl\/index.php\/wp-json\/wp\/v2\/media?parent=2261"}],"curies":[{"name":"wp","href":"https:\/\/api.w.org\/{rel}","templated":true}]}}