{"id":2359,"date":"2025-11-06T14:09:46","date_gmt":"2025-11-06T14:09:46","guid":{"rendered":"https:\/\/klasztorwieliczka.pl\/?page_id=2359"},"modified":"2026-01-21T14:39:58","modified_gmt":"2026-01-21T14:39:58","slug":"kecharitomene","status":"publish","type":"page","link":"https:\/\/klasztorwieliczka.pl\/index.php\/kecharitomene\/","title":{"rendered":"Kecharitomene"},"content":{"rendered":"<div class=\"fusion-fullwidth fullwidth-box fusion-builder-row-1 fusion-flex-container has-pattern-background has-mask-background nonhundred-percent-fullwidth non-hundred-percent-height-scrolling\" style=\"--awb-border-radius-top-left:0px;--awb-border-radius-top-right:0px;--awb-border-radius-bottom-right:0px;--awb-border-radius-bottom-left:0px;--awb-flex-wrap:wrap;\" ><div class=\"fusion-builder-row fusion-row fusion-flex-align-items-flex-start fusion-flex-content-wrap\" style=\"max-width:1331.2px;margin-left: calc(-4% \/ 2 );margin-right: calc(-4% \/ 2 );\"><div class=\"fusion-layout-column fusion_builder_column fusion-builder-column-0 fusion_builder_column_1_1 1_1 fusion-flex-column\" style=\"--awb-bg-size:cover;--awb-width-large:100%;--awb-margin-top-large:0px;--awb-spacing-right-large:1.92%;--awb-margin-bottom-large:0px;--awb-spacing-left-large:1.92%;--awb-width-medium:100%;--awb-order-medium:0;--awb-spacing-right-medium:1.92%;--awb-spacing-left-medium:1.92%;--awb-width-small:100%;--awb-order-small:0;--awb-spacing-right-small:1.92%;--awb-spacing-left-small:1.92%;\"><div class=\"fusion-column-wrapper fusion-column-has-shadow fusion-flex-justify-content-flex-start fusion-content-layout-column\"><div class=\"fusion-title title fusion-title-1 fusion-title-text fusion-title-size-one\"><div class=\"title-sep-container title-sep-container-left fusion-no-large-visibility fusion-no-medium-visibility fusion-no-small-visibility\"><div class=\"title-sep sep- sep-solid\" style=\"border-color:var(--awb-color3);\"><\/div><\/div><span class=\"awb-title-spacer fusion-no-large-visibility fusion-no-medium-visibility fusion-no-small-visibility\"><\/span><h1 class=\"fusion-title-heading title-heading-left fusion-responsive-typography-calculated\" style=\"margin:0;--fontSize:56;line-height:var(--awb-typography1-line-height);\">Wsp\u00f3lnota modlitewna KECHARITOMENE<\/h1><span class=\"awb-title-spacer\"><\/span><div class=\"title-sep-container title-sep-container-right\"><div class=\"title-sep sep- sep-solid\" style=\"border-color:var(--awb-color3);\"><\/div><\/div><\/div><div class=\"fusion-image-element \" style=\"--awb-caption-title-font-family:var(--h2_typography-font-family);--awb-caption-title-font-weight:var(--h2_typography-font-weight);--awb-caption-title-font-style:var(--h2_typography-font-style);--awb-caption-title-size:var(--h2_typography-font-size);--awb-caption-title-transform:var(--h2_typography-text-transform);--awb-caption-title-line-height:var(--h2_typography-line-height);--awb-caption-title-letter-spacing:var(--h2_typography-letter-spacing);\"><span class=\" fusion-imageframe imageframe-none imageframe-1 hover-type-none\"><img decoding=\"async\" width=\"1600\" height=\"1200\" title=\"IMG-20251125-WA0002\" src=\"https:\/\/klasztorwieliczka.pl\/wp-content\/uploads\/2026\/01\/IMG-20251125-WA0002.jpg\" data-orig-src=\"https:\/\/klasztorwieliczka.pl\/wp-content\/uploads\/2026\/01\/IMG-20251125-WA0002.jpg\" alt class=\"lazyload img-responsive wp-image-2670\" srcset=\"data:image\/svg+xml,%3Csvg%20xmlns%3D%27http%3A%2F%2Fwww.w3.org%2F2000%2Fsvg%27%20width%3D%271600%27%20height%3D%271200%27%20viewBox%3D%270%200%201600%201200%27%3E%3Crect%20width%3D%271600%27%20height%3D%271200%27%20fill-opacity%3D%220%22%2F%3E%3C%2Fsvg%3E\" data-srcset=\"https:\/\/klasztorwieliczka.pl\/wp-content\/uploads\/2026\/01\/IMG-20251125-WA0002-200x150.jpg 200w, https:\/\/klasztorwieliczka.pl\/wp-content\/uploads\/2026\/01\/IMG-20251125-WA0002-400x300.jpg 400w, https:\/\/klasztorwieliczka.pl\/wp-content\/uploads\/2026\/01\/IMG-20251125-WA0002-600x450.jpg 600w, https:\/\/klasztorwieliczka.pl\/wp-content\/uploads\/2026\/01\/IMG-20251125-WA0002-800x600.jpg 800w, https:\/\/klasztorwieliczka.pl\/wp-content\/uploads\/2026\/01\/IMG-20251125-WA0002-1200x900.jpg 1200w, https:\/\/klasztorwieliczka.pl\/wp-content\/uploads\/2026\/01\/IMG-20251125-WA0002.jpg 1600w\" data-sizes=\"auto\" data-orig-sizes=\"(max-width: 1024px) 100vw, (max-width: 640px) 100vw, 1600px\" \/><\/span><\/div><div class=\"fusion-text fusion-text-1\"><p><span style=\"font-weight: 400;\">Wsp\u00f3lnota Modlitewna Kecharitomene powsta\u0142a w 2009 r. Na cze\u015b\u0107 Matki Bo\u017cej przyj\u0119\u0142a w 2019 r. nazw\u0119 Kecharitomene.<\/span><\/p>\n<p>&nbsp;<\/p>\n<p><span style=\"font-weight: 400;\">Obieraj\u0105c sobie Maryj\u0119 za Patronk\u0119, Or\u0119downiczk\u0119, Po\u015bredniczk\u0119, a przede wszystkim Przewodniczk\u0119 na drodze do Swojego Syna, Wsp\u00f3lnota regularnie uczestniczy w spotkaniach modlitewno-formacyjnych po\u0142\u0105czonych z rozwa\u017caniem S\u0142owa Bo\u017cego, a tak\u017ce &#8211; raz w roku &#8211; w weekendowych rekolekcjach wyjazdowych.<\/span><\/p>\n<p>&nbsp;<\/p>\n<p><span style=\"font-weight: 400;\">Spotkania Wsp\u00f3lnoty odbywaj\u0105 si\u0119 w ka\u017cdy wtorek miesi\u0105ca wed\u0142ug harmonogramu:<\/span><\/p>\n<p>&nbsp;<\/p>\n<p><span style=\"font-weight: 400;\">Msza \u015awi\u0119ta w intencji Wsp\u00f3lnoty \u2013 ostatni wtorek miesi\u0105ca, w ko\u015bciele, godz. 18:00; po Mszy &#8211; agape.<\/span><\/p>\n<p>&nbsp;<\/p>\n<p><span style=\"font-weight: 400;\">Spotkania modlitewno-formacyjne \u2013 pozosta\u0142e wtorki miesi\u0105ca. Spotkania odbywaj\u0105 si\u0119 w godz. od 19:30 do 21:00 w przyklasztornej kawiarence.<\/span><\/p>\n<p>&nbsp;<\/p>\n<p><span style=\"font-weight: 400;\">Lipiec-Sierpie\u0144: przerwa wakacyjna<\/span><\/p>\n<\/div><div class=\"awb-gallery-wrapper awb-gallery-wrapper-1 button-span-no\" style=\"--more-btn-alignment:center;\"><div style=\"margin:-5px;--awb-bordersize:0px;\" class=\"fusion-gallery fusion-gallery-container fusion-grid-3 fusion-columns-total-2 fusion-gallery-layout-grid fusion-gallery-1\"><div style=\"padding:5px;\" class=\"fusion-grid-column fusion-gallery-column fusion-gallery-column-3 hover-type-none\"><div class=\"fusion-gallery-image\"><a href=\"https:\/\/klasztorwieliczka.pl\/wp-content\/uploads\/2026\/01\/storage_emulated_0_Android_media_com.whatsapp_WhatsApp_Media_WhatsApp-Images_IMG-20251125-WA0000.jpg\" rel=\"noreferrer\" data-rel=\"iLightbox[gallery_image_1]\" class=\"fusion-lightbox\" target=\"_self\"><img decoding=\"async\" src=\"https:\/\/klasztorwieliczka.pl\/wp-content\/uploads\/2026\/01\/storage_emulated_0_Android_media_com.whatsapp_WhatsApp_Media_WhatsApp-Images_IMG-20251125-WA0000.jpg\" data-orig-src=\"https:\/\/klasztorwieliczka.pl\/wp-content\/uploads\/2026\/01\/storage_emulated_0_Android_media_com.whatsapp_WhatsApp_Media_WhatsApp-Images_IMG-20251125-WA0000.jpg\" width=\"1200\" height=\"1600\" alt=\"\" title=\"_storage_emulated_0_Android_media_com.whatsapp_WhatsApp_Media_WhatsApp Images_IMG-20251125-WA0000\" aria-label=\"_storage_emulated_0_Android_media_com.whatsapp_WhatsApp_Media_WhatsApp Images_IMG-20251125-WA0000\" class=\"lazyload img-responsive wp-image-2672\" srcset=\"data:image\/svg+xml,%3Csvg%20xmlns%3D%27http%3A%2F%2Fwww.w3.org%2F2000%2Fsvg%27%20width%3D%271200%27%20height%3D%271600%27%20viewBox%3D%270%200%201200%201600%27%3E%3Crect%20width%3D%271200%27%20height%3D%271600%27%20fill-opacity%3D%220%22%2F%3E%3C%2Fsvg%3E\" data-srcset=\"https:\/\/klasztorwieliczka.pl\/wp-content\/uploads\/2026\/01\/storage_emulated_0_Android_media_com.whatsapp_WhatsApp_Media_WhatsApp-Images_IMG-20251125-WA0000-200x267.jpg 200w, https:\/\/klasztorwieliczka.pl\/wp-content\/uploads\/2026\/01\/storage_emulated_0_Android_media_com.whatsapp_WhatsApp_Media_WhatsApp-Images_IMG-20251125-WA0000-400x533.jpg 400w, https:\/\/klasztorwieliczka.pl\/wp-content\/uploads\/2026\/01\/storage_emulated_0_Android_media_com.whatsapp_WhatsApp_Media_WhatsApp-Images_IMG-20251125-WA0000-600x800.jpg 600w, https:\/\/klasztorwieliczka.pl\/wp-content\/uploads\/2026\/01\/storage_emulated_0_Android_media_com.whatsapp_WhatsApp_Media_WhatsApp-Images_IMG-20251125-WA0000-800x1067.jpg 800w, https:\/\/klasztorwieliczka.pl\/wp-content\/uploads\/2026\/01\/storage_emulated_0_Android_media_com.whatsapp_WhatsApp_Media_WhatsApp-Images_IMG-20251125-WA0000.jpg 1200w\" data-sizes=\"auto\" data-orig-sizes=\"(min-width: 2200px) 100vw, (min-width: 824px) 423px, (min-width: 732px) 635px, (min-width: 640px) 732px, \" \/><\/a><\/div><\/div><div style=\"padding:5px;\" class=\"fusion-grid-column fusion-gallery-column fusion-gallery-column-3 hover-type-none\"><div class=\"fusion-gallery-image\"><a href=\"https:\/\/klasztorwieliczka.pl\/wp-content\/uploads\/2026\/01\/IMG-20251125-WA0001.jpg\" rel=\"noreferrer\" data-rel=\"iLightbox[gallery_image_1]\" class=\"fusion-lightbox\" target=\"_self\"><img decoding=\"async\" src=\"https:\/\/klasztorwieliczka.pl\/wp-content\/uploads\/2026\/01\/IMG-20251125-WA0001.jpg\" data-orig-src=\"https:\/\/klasztorwieliczka.pl\/wp-content\/uploads\/2026\/01\/IMG-20251125-WA0001.jpg\" width=\"1200\" height=\"1600\" alt=\"\" title=\"IMG-20251125-WA0001\" aria-label=\"IMG-20251125-WA0001\" class=\"lazyload img-responsive wp-image-2671\" srcset=\"data:image\/svg+xml,%3Csvg%20xmlns%3D%27http%3A%2F%2Fwww.w3.org%2F2000%2Fsvg%27%20width%3D%271200%27%20height%3D%271600%27%20viewBox%3D%270%200%201200%201600%27%3E%3Crect%20width%3D%271200%27%20height%3D%271600%27%20fill-opacity%3D%220%22%2F%3E%3C%2Fsvg%3E\" data-srcset=\"https:\/\/klasztorwieliczka.pl\/wp-content\/uploads\/2026\/01\/IMG-20251125-WA0001-200x267.jpg 200w, https:\/\/klasztorwieliczka.pl\/wp-content\/uploads\/2026\/01\/IMG-20251125-WA0001-400x533.jpg 400w, https:\/\/klasztorwieliczka.pl\/wp-content\/uploads\/2026\/01\/IMG-20251125-WA0001-600x800.jpg 600w, https:\/\/klasztorwieliczka.pl\/wp-content\/uploads\/2026\/01\/IMG-20251125-WA0001-800x1067.jpg 800w, https:\/\/klasztorwieliczka.pl\/wp-content\/uploads\/2026\/01\/IMG-20251125-WA0001.jpg 1200w\" data-sizes=\"auto\" data-orig-sizes=\"(min-width: 2200px) 100vw, (min-width: 824px) 423px, (min-width: 732px) 635px, (min-width: 640px) 732px, \" \/><\/a><\/div><\/div><\/div><\/div><\/div><\/div><\/div><\/div>\n","protected":false},"excerpt":{"rendered":"","protected":false},"author":5,"featured_media":0,"parent":0,"menu_order":0,"comment_status":"closed","ping_status":"closed","template":"","meta":{"footnotes":""},"class_list":["post-2359","page","type-page","status-publish","hentry"],"_links":{"self":[{"href":"https:\/\/klasztorwieliczka.pl\/index.php\/wp-json\/wp\/v2\/pages\/2359","targetHints":{"allow":["GET"]}}],"collection":[{"href":"https:\/\/klasztorwieliczka.pl\/index.php\/wp-json\/wp\/v2\/pages"}],"about":[{"href":"https:\/\/klasztorwieliczka.pl\/index.php\/wp-json\/wp\/v2\/types\/page"}],"author":[{"embeddable":true,"href":"https:\/\/klasztorwieliczka.pl\/index.php\/wp-json\/wp\/v2\/users\/5"}],"replies":[{"embeddable":true,"href":"https:\/\/klasztorwieliczka.pl\/index.php\/wp-json\/wp\/v2\/comments?post=2359"}],"version-history":[{"count":4,"href":"https:\/\/klasztorwieliczka.pl\/index.php\/wp-json\/wp\/v2\/pages\/2359\/revisions"}],"predecessor-version":[{"id":2675,"href":"https:\/\/klasztorwieliczka.pl\/index.php\/wp-json\/wp\/v2\/pages\/2359\/revisions\/2675"}],"wp:attachment":[{"href":"https:\/\/klasztorwieliczka.pl\/index.php\/wp-json\/wp\/v2\/media?parent=2359"}],"curies":[{"name":"wp","href":"https:\/\/api.w.org\/{rel}","templated":true}]}}