{"id":2587,"date":"2025-11-14T14:18:55","date_gmt":"2025-11-14T14:18:55","guid":{"rendered":"https:\/\/klasztorwieliczka.pl\/?page_id=2587"},"modified":"2025-11-14T14:18:55","modified_gmt":"2025-11-14T14:18:55","slug":"wspolnota-rodziny-radia-maryja","status":"publish","type":"page","link":"https:\/\/klasztorwieliczka.pl\/index.php\/wspolnota-rodziny-radia-maryja\/","title":{"rendered":"Wsp\u00f3lnota Rodziny Radia Maryja"},"content":{"rendered":"<div class=\"fusion-fullwidth fullwidth-box fusion-builder-row-1 fusion-flex-container has-pattern-background has-mask-background nonhundred-percent-fullwidth non-hundred-percent-height-scrolling\" style=\"--awb-border-radius-top-left:0px;--awb-border-radius-top-right:0px;--awb-border-radius-bottom-right:0px;--awb-border-radius-bottom-left:0px;--awb-flex-wrap:wrap;\" ><div class=\"fusion-builder-row fusion-row fusion-flex-align-items-flex-start fusion-flex-content-wrap\" style=\"max-width:1331.2px;margin-left: calc(-4% \/ 2 );margin-right: calc(-4% \/ 2 );\"><div class=\"fusion-layout-column fusion_builder_column fusion-builder-column-0 fusion_builder_column_1_1 1_1 fusion-flex-column\" style=\"--awb-bg-size:cover;--awb-width-large:100%;--awb-margin-top-large:0px;--awb-spacing-right-large:1.92%;--awb-margin-bottom-large:0px;--awb-spacing-left-large:1.92%;--awb-width-medium:100%;--awb-order-medium:0;--awb-spacing-right-medium:1.92%;--awb-spacing-left-medium:1.92%;--awb-width-small:100%;--awb-order-small:0;--awb-spacing-right-small:1.92%;--awb-spacing-left-small:1.92%;\"><div class=\"fusion-column-wrapper fusion-column-has-shadow fusion-flex-justify-content-flex-start fusion-content-layout-column\"><div class=\"fusion-title title fusion-title-1 fusion-title-text fusion-title-size-one\"><div class=\"title-sep-container title-sep-container-left fusion-no-large-visibility fusion-no-medium-visibility fusion-no-small-visibility\"><div class=\"title-sep sep- sep-solid\" style=\"border-color:var(--awb-color3);\"><\/div><\/div><span class=\"awb-title-spacer fusion-no-large-visibility fusion-no-medium-visibility fusion-no-small-visibility\"><\/span><h1 class=\"fusion-title-heading title-heading-left fusion-responsive-typography-calculated\" style=\"margin:0;--fontSize:56;line-height:var(--awb-typography1-line-height);\">Wsp\u00f3lnota Rodziny Radia Maryja<\/h1><span class=\"awb-title-spacer\"><\/span><div class=\"title-sep-container title-sep-container-right\"><div class=\"title-sep sep- sep-solid\" style=\"border-color:var(--awb-color3);\"><\/div><\/div><\/div><div class=\"fusion-text fusion-text-1\"><p>Rodzina Radia Maryja przy Sanktuarium Matki Bo\u017cej \u0141askawej Ksi\u0119\u017cnej Wieliczki powsta\u0142a w 1995 roku, kiedy to tutejsza parafia przygotowywa\u0142a si\u0119 do koronacji cudownego obrazu. Pierwsze kroki skierowali\u015bmy na spotkanie z Ojcem \u015bwi\u0119tym Janem Paw\u0142em II do Skoczowa. W lipcu natomiast pojechali\u015bmy do Cz\u0119stochowy, gdzie co roku odbywa si\u0119 og\u00f3lnopolska pielgrzymka Rodziny Radia Maryja. Zgodnie z ide\u0105 tej ogromnej wsp\u00f3lnoty, kt\u00f3rej jeste\u015bmy cz\u0105stk\u0105, g\u0142\u00f3wny nacisk k\u0142adzie si\u0119 na duchow\u0105 formacj\u0119. Nasza grupa od chwili za\u0142o\u017cenia kontynuuje uczestnictwo w comiesi\u0119cznych Mszach \u015awi\u0119tych w intencji Ojca \u015awi\u0119tego, Ojczyzny i Radia Maryja \u2013 zawsze 4 &#8211; go dnia miesi\u0105ca na pami\u0105tk\u0119 koronacji cudownego obrazu. Po Mszy \u015bw. zwykle spotykamy si\u0119 w Auli Jana Paw\u0142a II. Rodzina Radia Maryja podejmuje r\u00f3\u017cnorakie dzia\u0142ania. Stron\u0105 organizacyjn\u0105 zajmuje si\u0119 biuro, kt\u00f3re obecnie liczy 7 os\u00f3b. Opiekunem wsp\u00f3lnoty przez 22 lata by\u0142 o. Ludwik Kurowski, a po nim zosta\u0142 o. Leon Pokorski. Biuro pe\u0142ni dy\u017cur 2 razy w tygodniu \u2013 w niedziele i \u015brody. Systematycznie organizowana jest pomoc dla Radia Maryja i Telewizji Trwam, a wcze\u015bniej jeszcze dla buduj\u0105cego si\u0119 ko\u015bcio\u0142a p.w. Matki Bo\u017cej Nowej Ewangelizacji i Jana Paw\u0142a II, gdzie w o\u0142tarzu znajduje si\u0119 obraz Matki Bo\u017cej z prywatnej kaplicy Ojca \u015awi\u0119tego. W 2016 roku nast\u0105pi\u0142a konsekracja tej \u015bwi\u0105tyni w kt\u00f3rej uczestniczy\u0142a nasza wsp\u00f3lnota. Wiele os\u00f3b z Wieliczki ma udzia\u0142 w budowie tego ko\u015bcio\u0142a, a kilka mo\u017ce cieszy\u0107 si\u0119 pami\u0105tkow\u0105 tabliczk\u0105. W Toruniu powsta\u0142a te\u017c Wy\u017csza Szko\u0142a Medialna \u2013 godna polecenia. Dzi\u0119ki Radiu Maryja i Telewizji Trwam mo\u017cemy uczestniczy\u0107 we wszystkich wydarzeniach Ko\u015bcio\u0142a, mi\u0119dzy innymi w pielgrzymkach Ojca \u015awi\u0119tego, codziennych Mszach \u015awi\u0119tych, nabo\u017ce\u0144stwach i katechezach. We wsp\u00f3lnocie panuje atmosfera rodzinna. \u0141\u0105cz\u0105 nas pozytywne dzia\u0142ania np. w obronie \u017cycia, Krzy\u017ca, pomocy potrzebuj\u0105cym, troska o dobro Ojczyzny i lokalnego \u015brodowiska. Bardzo te\u017c zbli\u017caj\u0105 do siebie pielgrzymki. Trzykrotnie w\u0119drowali\u015bmy do Rzymu na spotkanie z Ojcem \u015awi\u0119tym Janem Paw\u0142em II, Benedyktem XVI oraz na kanonizacj\u0119 naszego rodaka. Ka\u017cdego roku organizowane s\u0105 pielgrzymki krajowe do r\u00f3\u017cnych sanktuari\u00f3w. Wielk\u0105 rado\u015bci\u0105 napawa nas fakt obecno\u015bci Radia Maryja w naszym Sanktuarium w 1996 roku.<\/p>\n<p>We wsp\u00f3lnocie mo\u017ce by\u0107 ka\u017cdy. Biuro znajduje si\u0119 w budynku Auli Jana Paw\u0142a II. Serdecznie zapraszamy<\/p>\n<\/div><\/div><\/div><\/div><\/div>\n","protected":false},"excerpt":{"rendered":"","protected":false},"author":5,"featured_media":0,"parent":0,"menu_order":0,"comment_status":"closed","ping_status":"closed","template":"","meta":{"footnotes":""},"class_list":["post-2587","page","type-page","status-publish","hentry"],"_links":{"self":[{"href":"https:\/\/klasztorwieliczka.pl\/index.php\/wp-json\/wp\/v2\/pages\/2587","targetHints":{"allow":["GET"]}}],"collection":[{"href":"https:\/\/klasztorwieliczka.pl\/index.php\/wp-json\/wp\/v2\/pages"}],"about":[{"href":"https:\/\/klasztorwieliczka.pl\/index.php\/wp-json\/wp\/v2\/types\/page"}],"author":[{"embeddable":true,"href":"https:\/\/klasztorwieliczka.pl\/index.php\/wp-json\/wp\/v2\/users\/5"}],"replies":[{"embeddable":true,"href":"https:\/\/klasztorwieliczka.pl\/index.php\/wp-json\/wp\/v2\/comments?post=2587"}],"version-history":[{"count":2,"href":"https:\/\/klasztorwieliczka.pl\/index.php\/wp-json\/wp\/v2\/pages\/2587\/revisions"}],"predecessor-version":[{"id":2589,"href":"https:\/\/klasztorwieliczka.pl\/index.php\/wp-json\/wp\/v2\/pages\/2587\/revisions\/2589"}],"wp:attachment":[{"href":"https:\/\/klasztorwieliczka.pl\/index.php\/wp-json\/wp\/v2\/media?parent=2587"}],"curies":[{"name":"wp","href":"https:\/\/api.w.org\/{rel}","templated":true}]}}

Wspólnota Rodziny Radia Maryja

<div class="fusion-fullwidth fullwidth-box fusion-builder-row-1 fusion-flex-container has-pattern-background has-mask-background nonhundred-percent-fullwidth non-hundred-percent-height-scrolling" style="--awb-border-radius-top-left:0px;--awb-border-radius-top-right:0px;--awb-border-radius-bottom-right:0px;--awb-border-radius-bottom-left:0px;--awb-flex-wrap:wrap;" ><div class="fusion-builder-row fusion-row fusion-flex-align-items-flex-start fusion-flex-content-wrap" style="max-width:1331.2px;margin-left: calc(-4% / 2 );margin-right: calc(-4% / 2 );"><div class="fusion-layout-column fusion_builder_column fusion-builder-column-0 fusion_builder_column_1_1 1_1 fusion-flex-column" style="--awb-bg-size:cover;--awb-width-large:100%;--awb-margin-top-large:0px;--awb-spacing-right-large:1.92%;--awb-margin-bottom-large:0px;--awb-spacing-left-large:1.92%;--awb-width-medium:100%;--awb-order-medium:0;--awb-spacing-right-medium:1.92%;--awb-spacing-left-medium:1.92%;--awb-width-small:100%;--awb-order-small:0;--awb-spacing-right-small:1.92%;--awb-spacing-left-small:1.92%;"><div class="fusion-column-wrapper fusion-column-has-shadow fusion-flex-justify-content-flex-start fusion-content-layout-column"><div class="fusion-title title fusion-title-1 fusion-title-text fusion-title-size-one"><div class="title-sep-container title-sep-container-left fusion-no-large-visibility fusion-no-medium-visibility fusion-no-small-visibility"><div class="title-sep sep- sep-solid" style="border-color:var(--awb-color3);"></div></div><span class="awb-title-spacer fusion-no-large-visibility fusion-no-medium-visibility fusion-no-small-visibility"></span><h1 class="fusion-title-heading title-heading-left fusion-responsive-typography-calculated" style="margin:0;--fontSize:56;line-height:var(--awb-typography1-line-height);">Wspólnota Rodziny Radia Maryja</h1><span class="awb-title-spacer"></span><div class="title-sep-container title-sep-container-right"><div class="title-sep sep- sep-solid" style="border-color:var(--awb-color3);"></div></div></div><div class="fusion-text fusion-text-1"><p>Rodzina Radia Maryja przy Sanktuarium Matki Bożej Łaskawej Księżnej Wieliczki powstała w 1995 roku, kiedy to tutejsza parafia przygotowywała się do koronacji cudownego obrazu. Pierwsze kroki skierowaliśmy na spotkanie z Ojcem świętym Janem Pawłem II do Skoczowa. W lipcu natomiast pojechaliśmy do Częstochowy, gdzie co roku odbywa się ogólnopolska pielgrzymka Rodziny Radia Maryja. Zgodnie z ideą tej ogromnej wspólnoty, której jesteśmy cząstką, główny nacisk kładzie się na duchową formację. Nasza grupa od chwili założenia kontynuuje uczestnictwo w comiesięcznych Mszach Świętych w intencji Ojca Świętego, Ojczyzny i Radia Maryja – zawsze 4 &#8211; go dnia miesiąca na pamiątkę koronacji cudownego obrazu. Po Mszy św. zwykle spotykamy się w Auli Jana Pawła II. Rodzina Radia Maryja podejmuje różnorakie działania. Stroną organizacyjną zajmuje się biuro, które obecnie liczy 7 osób. Opiekunem wspólnoty przez 22 lata był o. Ludwik Kurowski, a po nim został o. Leon Pokorski. Biuro pełni dyżur 2 razy w tygodniu – w niedziele i środy. Systematycznie organizowana jest pomoc dla Radia Maryja i Telewizji Trwam, a wcześniej jeszcze dla budującego się kościoła p.w. Matki Bożej Nowej Ewangelizacji i Jana Pawła II, gdzie w ołtarzu znajduje się obraz Matki Bożej z prywatnej kaplicy Ojca Świętego. W 2016 roku nastąpiła konsekracja tej świątyni w której uczestniczyła nasza wspólnota. Wiele osób z Wieliczki ma udział w budowie tego kościoła, a kilka może cieszyć się pamiątkową tabliczką. W Toruniu powstała też Wyższa Szkoła Medialna – godna polecenia. Dzięki Radiu Maryja i Telewizji Trwam możemy uczestniczyć we wszystkich wydarzeniach Kościoła, między innymi w pielgrzymkach Ojca Świętego, codziennych Mszach Świętych, nabożeństwach i katechezach. We wspólnocie panuje atmosfera rodzinna. Łączą nas pozytywne działania np. w obronie życia, Krzyża, pomocy potrzebującym, troska o dobro Ojczyzny i lokalnego środowiska. Bardzo też zbliżają do siebie pielgrzymki. Trzykrotnie wędrowaliśmy do Rzymu na spotkanie z Ojcem Świętym Janem Pawłem II, Benedyktem XVI oraz na kanonizację naszego rodaka. Każdego roku organizowane są pielgrzymki krajowe do różnych sanktuariów. Wielką radością napawa nas fakt obecności Radia Maryja w naszym Sanktuarium w 1996 roku.</p>
<p>We wspólnocie może być każdy. Biuro znajduje się w budynku Auli Jana Pawła II. Serdecznie zapraszamy</p>
</div></div></div></div></div>
