{"id":2805,"date":"2026-05-15T13:29:55","date_gmt":"2026-05-15T13:29:55","guid":{"rendered":"https:\/\/klasztorwieliczka.pl\/?page_id=2805"},"modified":"2026-05-16T20:40:21","modified_gmt":"2026-05-16T20:40:21","slug":"wystawa-multimedialna-brata-alojzego-kosiby","status":"publish","type":"page","link":"https:\/\/klasztorwieliczka.pl\/index.php\/wystawa-multimedialna-brata-alojzego-kosiby\/","title":{"rendered":"Wystawa Multimedialna o S\u0142udze Bo\u017cym Bracie Alojzym Kosibie"},"content":{"rendered":"<div class=\"fusion-fullwidth fullwidth-box fusion-builder-row-1 fusion-flex-container nonhundred-percent-fullwidth non-hundred-percent-height-scrolling\" style=\"--awb-border-radius-top-left:0px;--awb-border-radius-top-right:0px;--awb-border-radius-bottom-right:0px;--awb-border-radius-bottom-left:0px;--awb-flex-wrap:wrap;\" ><div class=\"fusion-builder-row fusion-row fusion-flex-align-items-flex-start fusion-flex-content-wrap\" style=\"max-width:1331.2px;margin-left: calc(-4% \/ 2 );margin-right: calc(-4% \/ 2 );\"><div class=\"fusion-layout-column fusion_builder_column fusion-builder-column-0 fusion_builder_column_1_1 1_1 fusion-flex-column\" style=\"--awb-bg-blend:overlay;--awb-bg-size:cover;--awb-width-large:100%;--awb-margin-top-large:0px;--awb-spacing-right-large:1.92%;--awb-margin-bottom-large:0px;--awb-spacing-left-large:1.92%;--awb-width-medium:100%;--awb-spacing-right-medium:1.92%;--awb-spacing-left-medium:1.92%;--awb-width-small:100%;--awb-spacing-right-small:1.92%;--awb-spacing-left-small:1.92%;\"><div class=\"fusion-column-wrapper fusion-flex-justify-content-flex-start fusion-content-layout-column\"><div class=\"fusion-builder-row fusion-builder-row-inner fusion-row fusion-flex-align-items-flex-start fusion-flex-content-wrap\" style=\"width:104% !important;max-width:104% !important;margin-left: calc(-4% \/ 2 );margin-right: calc(-4% \/ 2 );\"><div class=\"fusion-layout-column fusion_builder_column_inner fusion-builder-nested-column-0 fusion_builder_column_inner_1_1 1_1 fusion-flex-column\" style=\"--awb-bg-size:cover;--awb-width-large:100%;--awb-margin-top-large:0px;--awb-spacing-right-large:1.92%;--awb-margin-bottom-large:0px;--awb-spacing-left-large:1.92%;--awb-width-medium:100%;--awb-order-medium:0;--awb-spacing-right-medium:1.92%;--awb-spacing-left-medium:1.92%;--awb-width-small:100%;--awb-order-small:0;--awb-spacing-right-small:1.92%;--awb-spacing-left-small:1.92%;\"><div class=\"fusion-column-wrapper fusion-column-has-shadow fusion-flex-justify-content-flex-start fusion-content-layout-column\"><div class=\"fusion-image-element \" style=\"--awb-caption-title-font-family:var(--h2_typography-font-family);--awb-caption-title-font-weight:var(--h2_typography-font-weight);--awb-caption-title-font-style:var(--h2_typography-font-style);--awb-caption-title-size:var(--h2_typography-font-size);--awb-caption-title-transform:var(--h2_typography-text-transform);--awb-caption-title-line-height:var(--h2_typography-line-height);--awb-caption-title-letter-spacing:var(--h2_typography-letter-spacing);\"><span class=\" fusion-imageframe imageframe-none imageframe-1 hover-type-none\"><img decoding=\"async\" width=\"1200\" height=\"630\" title=\"wystawa_multimedialna_alojzy_kosiba_franciszkanie_wieliczka\" src=\"https:\/\/klasztorwieliczka.pl\/wp-content\/uploads\/2026\/05\/wystawa_multimedialna_alojzy_kosiba_franciszkanie_wieliczka.png\" data-orig-src=\"https:\/\/klasztorwieliczka.pl\/wp-content\/uploads\/2026\/05\/wystawa_multimedialna_alojzy_kosiba_franciszkanie_wieliczka.png\" alt class=\"lazyload img-responsive wp-image-2837\" srcset=\"data:image\/svg+xml,%3Csvg%20xmlns%3D%27http%3A%2F%2Fwww.w3.org%2F2000%2Fsvg%27%20width%3D%271200%27%20height%3D%27630%27%20viewBox%3D%270%200%201200%20630%27%3E%3Crect%20width%3D%271200%27%20height%3D%27630%27%20fill-opacity%3D%220%22%2F%3E%3C%2Fsvg%3E\" data-srcset=\"https:\/\/klasztorwieliczka.pl\/wp-content\/uploads\/2026\/05\/wystawa_multimedialna_alojzy_kosiba_franciszkanie_wieliczka-200x105.png 200w, https:\/\/klasztorwieliczka.pl\/wp-content\/uploads\/2026\/05\/wystawa_multimedialna_alojzy_kosiba_franciszkanie_wieliczka-400x210.png 400w, https:\/\/klasztorwieliczka.pl\/wp-content\/uploads\/2026\/05\/wystawa_multimedialna_alojzy_kosiba_franciszkanie_wieliczka-600x315.png 600w, https:\/\/klasztorwieliczka.pl\/wp-content\/uploads\/2026\/05\/wystawa_multimedialna_alojzy_kosiba_franciszkanie_wieliczka-800x420.png 800w, https:\/\/klasztorwieliczka.pl\/wp-content\/uploads\/2026\/05\/wystawa_multimedialna_alojzy_kosiba_franciszkanie_wieliczka.png 1200w\" data-sizes=\"auto\" data-orig-sizes=\"(max-width: 1024px) 100vw, (max-width: 640px) 100vw, 1200px\" \/><\/span><\/div><\/div><\/div><\/div><div class=\"fusion-text fusion-text-1\"><h1 style=\"font-weight: 400;\">Wystawa dedykowana S\u0142udze Bo\u017cemu bratu Alojzemu Kosibie<\/h1>\n<p>Wystawa aktualnie w trakcie tworzenia. Termin oficjalnego otwarcia zostanie podany wkr\u00f3tce.<\/p>\n<p style=\"font-weight: 400;\">Zapraszamy do obejrzenia kameralnej ekspozycji inspirowanej pos\u0142ug\u0105 S\u0142ugi Bo\u017cego brata Alojzego Kosiby. Wystawa opowiada o zwyczajnym cz\u0142owieku, kt\u00f3ry nieustannie by\u0142 w drodze, buduj\u0105c relacj\u0119 ze Stw\u00f3rc\u0105 i jego Stworzeniem. Interpretuj\u0105c \u015bcie\u017ck\u0119 \u017cycia brata Alojzego, buduje most mi\u0119dzy przesz\u0142o\u015bci\u0105 a wsp\u00f3\u0142czesno\u015bci\u0105. Stara si\u0119 zainspirowa\u0107 do zwolnienia kroku w zabieganym \u015bwiecie i uwa\u017cnego rozgl\u0105dania si\u0119 dooko\u0142a, by \u00a0cieszy\u0107 si\u0119 blaskiem \u201ebrata S\u0142o\u0144ce\u201d i \u201esiostry Ksi\u0119\u017cyc\u201d i dostrzega\u0107 obok siebie innych ludzi.<\/p>\n<p>Wywiady udost\u0119pnione na wystawie pochodz\u0105 z filmu \u201eO m\u00f3j Jezu, Mi\u0142osierdzia!\u201d<\/p>\n<p><strong>Producent:<\/strong> Prowincja Matki Bo\u017cej Anielskiej Zakonu Braci Mniejszych w Polsce<br \/>\n<strong>Re\u017cyseria i scenariusz:<\/strong> ks. dr Krzysztof J. Gryz, Marta Sie\u0144ska OFS<br \/>\n<strong>Gatunek filmowy:<\/strong> dokument z elementami fabularyzowanymi<br \/>\n<strong>Muzyka:<\/strong> Marcin Wargocki<br \/>\n<strong>Data i miejsce premiery:<\/strong> 4 stycznia 2026 r., Wieliczka<br \/>\n<strong>Rozm\u00f3wcy:<\/strong><\/p>\n<ul>\n<li>o. Alojzy Warot, Wicepostulator Proces\u00f3w Beatyfikacyjnych i Kanonizacyjnych Prowincji Matki Bo\u017cej Anielskiej w Polsce<\/li>\n<li>Iwona Z\u0119bala, Autorka ksi\u0105\u017cki o br. Alojzym Kosibie OFM pt. \u201eKromka chleba s\u0142odka jak plaster miodu\u201d<\/li>\n<li>o. Eligiusz Dynowski OFM, Proboszcz parafii Stygmat\u00f3w \u015bw. Franciszka z Asy\u017cu w Krakowie<\/li>\n<\/ul>\n<div class=\"wp-playlist wp-audio-playlist wp-playlist-light\">\n\t\t\t<div class=\"wp-playlist-current-item\"><\/div>\n\t\t<audio controls=\"controls\" preload=\"none\" width=\"1258\"\n\t\t\t><\/audio>\n\t<div class=\"wp-playlist-next\"><\/div>\n\t<div class=\"wp-playlist-prev\"><\/div>\n\t<noscript>\n\t<ol>\n\t\t<li><a data-rel=\"iLightbox[postimages]\" data-title=\"1. Krocz\u0105cy ku \u015bwi\u0119to\u015bci\" data-caption=\"\" href='https:\/\/klasztorwieliczka.pl\/wp-content\/uploads\/2026\/05\/1.-Kroczacy-ku-swietosci.mp3'>1. Krocz\u0105cy ku \u015bwi\u0119to\u015bci<\/a><\/li><li><a data-rel=\"iLightbox[postimages]\" data-title=\"2. Franciszkanin z Wieliczki\" data-caption=\"\" href='https:\/\/klasztorwieliczka.pl\/wp-content\/uploads\/2026\/05\/2.-Franciszkanin-z-Wieliczki.mp3'>2. Franciszkanin z Wieliczki<\/a><\/li><li><a data-rel=\"iLightbox[postimages]\" data-title=\"3. Prosty zakonnik\" data-caption=\"\" href='https:\/\/klasztorwieliczka.pl\/wp-content\/uploads\/2026\/05\/3.-Prosty-zakonnik.mp3'>3. Prosty zakonnik<\/a><\/li><li><a data-rel=\"iLightbox[postimages]\" data-title=\"4. Jeden z nas\" data-caption=\"\" href='https:\/\/klasztorwieliczka.pl\/wp-content\/uploads\/2026\/05\/4.-Jeden-z-nas.mp3'>4. Jeden z nas<\/a><\/li><li><a data-rel=\"iLightbox[postimages]\" data-title=\"5. Pracownik terenowy\" data-caption=\"\" href='https:\/\/klasztorwieliczka.pl\/wp-content\/uploads\/2026\/05\/5.-Pracownik-terenowy.mp3'>5. Pracownik terenowy<\/a><\/li><li><a data-rel=\"iLightbox[postimages]\" data-title=\"6. Szewc bez but\u00f3w\" data-caption=\"\" href='https:\/\/klasztorwieliczka.pl\/wp-content\/uploads\/2026\/05\/6.-Szewc-bez-butow.mp3'>6. Szewc bez but\u00f3w<\/a><\/li><li><a data-rel=\"iLightbox[postimages]\" data-title=\"7. Powiernik dobrego i z\u0142ego\" data-caption=\"\" href='https:\/\/klasztorwieliczka.pl\/wp-content\/uploads\/2026\/05\/7.-Powiernik-dobrego-i-zlego.mp3'>7. Powiernik dobrego i z\u0142ego<\/a><\/li><li><a data-rel=\"iLightbox[postimages]\" data-title=\"8. Piotr, kt\u00f3ry zosta\u0142 Alojzym\" data-caption=\"\" href='https:\/\/klasztorwieliczka.pl\/wp-content\/uploads\/2026\/05\/8.-Piotr-ktory-zostal-Alojzym.mp3'>8. Piotr, kt\u00f3ry zosta\u0142 Alojzym<\/a><\/li><li><a data-rel=\"iLightbox[postimages]\" data-title=\"9. Kwestarz\" data-caption=\"\" href='https:\/\/klasztorwieliczka.pl\/wp-content\/uploads\/2026\/05\/9.-Kwestarz.mp3'>9. Kwestarz<\/a><\/li><li><a data-rel=\"iLightbox[postimages]\" data-title=\"10. Braciszek\" data-caption=\"\" href='https:\/\/klasztorwieliczka.pl\/wp-content\/uploads\/2026\/05\/10.-Braciszek.mp3'>10. Braciszek<\/a><\/li><li><a data-rel=\"iLightbox[postimages]\" data-title=\"11. Cz\u0142owiek modlitwy\" data-caption=\"\" href='https:\/\/klasztorwieliczka.pl\/wp-content\/uploads\/2026\/05\/11.-Czlowiek-modlitwy.mp3'>11. Cz\u0142owiek modlitwy<\/a><\/li><li><a data-rel=\"iLightbox[postimages]\" data-title=\"12. S\u0142uga ubogich\" data-caption=\"\" href='https:\/\/klasztorwieliczka.pl\/wp-content\/uploads\/2026\/05\/12.-Sluga-ubogich.mp3'>12. S\u0142uga ubogich<\/a><\/li><li><a data-rel=\"iLightbox[postimages]\" data-title=\"13. Wspieraj\u0105cy\" data-caption=\"\" href='https:\/\/klasztorwieliczka.pl\/wp-content\/uploads\/2026\/05\/13.-Wspierajacy.mp3'>13. Wspieraj\u0105cy<\/a><\/li><li><a data-rel=\"iLightbox[postimages]\" data-title=\"14. \u015awi\u0119ty powszedni\" data-caption=\"\" href='https:\/\/klasztorwieliczka.pl\/wp-content\/uploads\/2026\/05\/14.-Swiety-powszedni.mp3'>14. \u015awi\u0119ty powszedni<\/a><\/li><li><a data-rel=\"iLightbox[postimages]\" data-title=\"15. Zwyczajnie zafascynowany Bogiem\" data-caption=\"\" href='https:\/\/klasztorwieliczka.pl\/wp-content\/uploads\/2026\/05\/15.-Zwyczajnie-zafascynowany-Bogiem.mp3'>15. Zwyczajnie zafascynowany Bogiem<\/a><\/li><li><a data-rel=\"iLightbox[postimages]\" data-title=\"16. Mocny pokor\u0105\" data-caption=\"\" href='https:\/\/klasztorwieliczka.pl\/wp-content\/uploads\/2026\/05\/16.-Mocny-pokora.mp3'>16. Mocny pokor\u0105<\/a><\/li><li><a data-rel=\"iLightbox[postimages]\" data-title=\"17. Wz\u00f3r dla m\u0142odych\" data-caption=\"\" href='https:\/\/klasztorwieliczka.pl\/wp-content\/uploads\/2026\/05\/17.-Wzor-dla-mlodych.mp3'>17. Wz\u00f3r dla m\u0142odych<\/a><\/li><li><a data-rel=\"iLightbox[postimages]\" data-title=\"18. Patron zza \u015bciany\" data-caption=\"\" href='https:\/\/klasztorwieliczka.pl\/wp-content\/uploads\/2026\/05\/18.-Patron-zza-sciany.mp3'>18. Patron zza \u015bciany<\/a><\/li>\t<\/ol>\n\t<\/noscript>\n\t<script type=\"application\/json\" class=\"wp-playlist-script\">{\"type\":\"audio\",\"tracklist\":true,\"tracknumbers\":true,\"images\":true,\"artists\":true,\"tracks\":[{\"src\":\"https:\/\/klasztorwieliczka.pl\/wp-content\/uploads\/2026\/05\/1.-Kroczacy-ku-swietosci.mp3\",\"type\":\"audio\/mpeg\",\"title\":\"1. Krocz\\u0105cy ku \\u015bwi\\u0119to\\u015bci\",\"caption\":\"\",\"description\":\"\\\"1. Krocz\\u0105cy ku \\u015bwi\\u0119to\\u015bci\\\". Wydano: 2026.\",\"meta\":{\"year\":\"2026\",\"length_formatted\":\"3:49\"},\"image\":{\"src\":\"https:\/\/klasztorwieliczka.pl\/wp-includes\/images\/media\/audio.svg\",\"width\":48,\"height\":64},\"thumb\":{\"src\":\"https:\/\/klasztorwieliczka.pl\/wp-includes\/images\/media\/audio.svg\",\"width\":48,\"height\":64}},{\"src\":\"https:\/\/klasztorwieliczka.pl\/wp-content\/uploads\/2026\/05\/2.-Franciszkanin-z-Wieliczki.mp3\",\"type\":\"audio\/mpeg\",\"title\":\"2. Franciszkanin z Wieliczki\",\"caption\":\"\",\"description\":\"\\\"2. Franciszkanin z Wieliczki\\\". Wydano: 2026.\",\"meta\":{\"year\":\"2026\",\"length_formatted\":\"1:45\"},\"image\":{\"src\":\"https:\/\/klasztorwieliczka.pl\/wp-includes\/images\/media\/audio.svg\",\"width\":48,\"height\":64},\"thumb\":{\"src\":\"https:\/\/klasztorwieliczka.pl\/wp-includes\/images\/media\/audio.svg\",\"width\":48,\"height\":64}},{\"src\":\"https:\/\/klasztorwieliczka.pl\/wp-content\/uploads\/2026\/05\/3.-Prosty-zakonnik.mp3\",\"type\":\"audio\/mpeg\",\"title\":\"3. Prosty zakonnik\",\"caption\":\"\",\"description\":\"\\\"3. Prosty zakonnik\\\". Wydano: 2026.\",\"meta\":{\"year\":\"2026\",\"length_formatted\":\"1:04\"},\"image\":{\"src\":\"https:\/\/klasztorwieliczka.pl\/wp-includes\/images\/media\/audio.svg\",\"width\":48,\"height\":64},\"thumb\":{\"src\":\"https:\/\/klasztorwieliczka.pl\/wp-includes\/images\/media\/audio.svg\",\"width\":48,\"height\":64}},{\"src\":\"https:\/\/klasztorwieliczka.pl\/wp-content\/uploads\/2026\/05\/4.-Jeden-z-nas.mp3\",\"type\":\"audio\/mpeg\",\"title\":\"4. Jeden z nas\",\"caption\":\"\",\"description\":\"\\\"4. Jeden z nas\\\". Wydano: 2026.\",\"meta\":{\"year\":\"2026\",\"length_formatted\":\"0:58\"},\"image\":{\"src\":\"https:\/\/klasztorwieliczka.pl\/wp-includes\/images\/media\/audio.svg\",\"width\":48,\"height\":64},\"thumb\":{\"src\":\"https:\/\/klasztorwieliczka.pl\/wp-includes\/images\/media\/audio.svg\",\"width\":48,\"height\":64}},{\"src\":\"https:\/\/klasztorwieliczka.pl\/wp-content\/uploads\/2026\/05\/5.-Pracownik-terenowy.mp3\",\"type\":\"audio\/mpeg\",\"title\":\"5. Pracownik terenowy\",\"caption\":\"\",\"description\":\"\\\"5. Pracownik terenowy\\\". Wydano: 2026.\",\"meta\":{\"year\":\"2026\",\"length_formatted\":\"1:35\"},\"image\":{\"src\":\"https:\/\/klasztorwieliczka.pl\/wp-includes\/images\/media\/audio.svg\",\"width\":48,\"height\":64},\"thumb\":{\"src\":\"https:\/\/klasztorwieliczka.pl\/wp-includes\/images\/media\/audio.svg\",\"width\":48,\"height\":64}},{\"src\":\"https:\/\/klasztorwieliczka.pl\/wp-content\/uploads\/2026\/05\/6.-Szewc-bez-butow.mp3\",\"type\":\"audio\/mpeg\",\"title\":\"6. Szewc bez but\\u00f3w\",\"caption\":\"\",\"description\":\"\\\"6. Szewc bez but\\u00f3w\\\". Wydano: 2026.\",\"meta\":{\"year\":\"2026\",\"length_formatted\":\"1:23\"},\"image\":{\"src\":\"https:\/\/klasztorwieliczka.pl\/wp-includes\/images\/media\/audio.svg\",\"width\":48,\"height\":64},\"thumb\":{\"src\":\"https:\/\/klasztorwieliczka.pl\/wp-includes\/images\/media\/audio.svg\",\"width\":48,\"height\":64}},{\"src\":\"https:\/\/klasztorwieliczka.pl\/wp-content\/uploads\/2026\/05\/7.-Powiernik-dobrego-i-zlego.mp3\",\"type\":\"audio\/mpeg\",\"title\":\"7. Powiernik dobrego i z\\u0142ego\",\"caption\":\"\",\"description\":\"\\\"7. Powiernik dobrego i z\\u0142ego\\\". Wydano: 2026.\",\"meta\":{\"year\":\"2026\",\"length_formatted\":\"1:39\"},\"image\":{\"src\":\"https:\/\/klasztorwieliczka.pl\/wp-includes\/images\/media\/audio.svg\",\"width\":48,\"height\":64},\"thumb\":{\"src\":\"https:\/\/klasztorwieliczka.pl\/wp-includes\/images\/media\/audio.svg\",\"width\":48,\"height\":64}},{\"src\":\"https:\/\/klasztorwieliczka.pl\/wp-content\/uploads\/2026\/05\/8.-Piotr-ktory-zostal-Alojzym.mp3\",\"type\":\"audio\/mpeg\",\"title\":\"8. Piotr, kt\\u00f3ry zosta\\u0142 Alojzym\",\"caption\":\"\",\"description\":\"\\\"8. Piotr, kt\\u00f3ry zosta\\u0142 Alojzym\\\". Wydano: 2026.\",\"meta\":{\"year\":\"2026\",\"length_formatted\":\"1:16\"},\"image\":{\"src\":\"https:\/\/klasztorwieliczka.pl\/wp-includes\/images\/media\/audio.svg\",\"width\":48,\"height\":64},\"thumb\":{\"src\":\"https:\/\/klasztorwieliczka.pl\/wp-includes\/images\/media\/audio.svg\",\"width\":48,\"height\":64}},{\"src\":\"https:\/\/klasztorwieliczka.pl\/wp-content\/uploads\/2026\/05\/9.-Kwestarz.mp3\",\"type\":\"audio\/mpeg\",\"title\":\"9. Kwestarz\",\"caption\":\"\",\"description\":\"\\\"9. Kwestarz\\\". Gatunek: Blues.\",\"meta\":{\"genre\":\"Blues\",\"length_formatted\":\"1:45\"},\"image\":{\"src\":\"https:\/\/klasztorwieliczka.pl\/wp-includes\/images\/media\/audio.svg\",\"width\":48,\"height\":64},\"thumb\":{\"src\":\"https:\/\/klasztorwieliczka.pl\/wp-includes\/images\/media\/audio.svg\",\"width\":48,\"height\":64}},{\"src\":\"https:\/\/klasztorwieliczka.pl\/wp-content\/uploads\/2026\/05\/10.-Braciszek.mp3\",\"type\":\"audio\/mpeg\",\"title\":\"10. Braciszek\",\"caption\":\"\",\"description\":\"\\\"10. Braciszek\\\". Gatunek: Blues.\",\"meta\":{\"genre\":\"Blues\",\"length_formatted\":\"0:22\"},\"image\":{\"src\":\"https:\/\/klasztorwieliczka.pl\/wp-includes\/images\/media\/audio.svg\",\"width\":48,\"height\":64},\"thumb\":{\"src\":\"https:\/\/klasztorwieliczka.pl\/wp-includes\/images\/media\/audio.svg\",\"width\":48,\"height\":64}},{\"src\":\"https:\/\/klasztorwieliczka.pl\/wp-content\/uploads\/2026\/05\/11.-Czlowiek-modlitwy.mp3\",\"type\":\"audio\/mpeg\",\"title\":\"11. Cz\\u0142owiek modlitwy\",\"caption\":\"\",\"description\":\"\\\"11. Cz\\u0142owiek modlitwy\\\". Gatunek: Blues.\",\"meta\":{\"genre\":\"Blues\",\"length_formatted\":\"0:42\"},\"image\":{\"src\":\"https:\/\/klasztorwieliczka.pl\/wp-includes\/images\/media\/audio.svg\",\"width\":48,\"height\":64},\"thumb\":{\"src\":\"https:\/\/klasztorwieliczka.pl\/wp-includes\/images\/media\/audio.svg\",\"width\":48,\"height\":64}},{\"src\":\"https:\/\/klasztorwieliczka.pl\/wp-content\/uploads\/2026\/05\/12.-Sluga-ubogich.mp3\",\"type\":\"audio\/mpeg\",\"title\":\"12. S\\u0142uga ubogich\",\"caption\":\"\",\"description\":\"\\\"12. S\\u0142uga ubogich\\\". Gatunek: Blues.\",\"meta\":{\"genre\":\"Blues\",\"length_formatted\":\"0:58\"},\"image\":{\"src\":\"https:\/\/klasztorwieliczka.pl\/wp-includes\/images\/media\/audio.svg\",\"width\":48,\"height\":64},\"thumb\":{\"src\":\"https:\/\/klasztorwieliczka.pl\/wp-includes\/images\/media\/audio.svg\",\"width\":48,\"height\":64}},{\"src\":\"https:\/\/klasztorwieliczka.pl\/wp-content\/uploads\/2026\/05\/13.-Wspierajacy.mp3\",\"type\":\"audio\/mpeg\",\"title\":\"13. Wspieraj\\u0105cy\",\"caption\":\"\",\"description\":\"\\\"13. Wspieraj\\u0105cy\\\". Gatunek: Blues.\",\"meta\":{\"genre\":\"Blues\",\"length_formatted\":\"0:42\"},\"image\":{\"src\":\"https:\/\/klasztorwieliczka.pl\/wp-includes\/images\/media\/audio.svg\",\"width\":48,\"height\":64},\"thumb\":{\"src\":\"https:\/\/klasztorwieliczka.pl\/wp-includes\/images\/media\/audio.svg\",\"width\":48,\"height\":64}},{\"src\":\"https:\/\/klasztorwieliczka.pl\/wp-content\/uploads\/2026\/05\/14.-Swiety-powszedni.mp3\",\"type\":\"audio\/mpeg\",\"title\":\"14. \\u015awi\\u0119ty powszedni\",\"caption\":\"\",\"description\":\"\\\"14. \\u015awi\\u0119ty powszedni\\\". Gatunek: Blues.\",\"meta\":{\"genre\":\"Blues\",\"length_formatted\":\"1:00\"},\"image\":{\"src\":\"https:\/\/klasztorwieliczka.pl\/wp-includes\/images\/media\/audio.svg\",\"width\":48,\"height\":64},\"thumb\":{\"src\":\"https:\/\/klasztorwieliczka.pl\/wp-includes\/images\/media\/audio.svg\",\"width\":48,\"height\":64}},{\"src\":\"https:\/\/klasztorwieliczka.pl\/wp-content\/uploads\/2026\/05\/15.-Zwyczajnie-zafascynowany-Bogiem.mp3\",\"type\":\"audio\/mpeg\",\"title\":\"15. Zwyczajnie zafascynowany Bogiem\",\"caption\":\"\",\"description\":\"\\\"15. Zwyczajnie zafascynowany Bogiem\\\". Wydano: 2026.\",\"meta\":{\"year\":\"2026\",\"length_formatted\":\"0:47\"},\"image\":{\"src\":\"https:\/\/klasztorwieliczka.pl\/wp-includes\/images\/media\/audio.svg\",\"width\":48,\"height\":64},\"thumb\":{\"src\":\"https:\/\/klasztorwieliczka.pl\/wp-includes\/images\/media\/audio.svg\",\"width\":48,\"height\":64}},{\"src\":\"https:\/\/klasztorwieliczka.pl\/wp-content\/uploads\/2026\/05\/16.-Mocny-pokora.mp3\",\"type\":\"audio\/mpeg\",\"title\":\"16. Mocny pokor\\u0105\",\"caption\":\"\",\"description\":\"\\\"16. Mocny pokor\\u0105\\\". Wydano: 2026.\",\"meta\":{\"year\":\"2026\",\"length_formatted\":\"1:06\"},\"image\":{\"src\":\"https:\/\/klasztorwieliczka.pl\/wp-includes\/images\/media\/audio.svg\",\"width\":48,\"height\":64},\"thumb\":{\"src\":\"https:\/\/klasztorwieliczka.pl\/wp-includes\/images\/media\/audio.svg\",\"width\":48,\"height\":64}},{\"src\":\"https:\/\/klasztorwieliczka.pl\/wp-content\/uploads\/2026\/05\/17.-Wzor-dla-mlodych.mp3\",\"type\":\"audio\/mpeg\",\"title\":\"17. Wz\\u00f3r dla m\\u0142odych\",\"caption\":\"\",\"description\":\"\\\"17. Wz\\u00f3r dla m\\u0142odych\\\". Wydano: 2026.\",\"meta\":{\"year\":\"2026\",\"length_formatted\":\"0:53\"},\"image\":{\"src\":\"https:\/\/klasztorwieliczka.pl\/wp-includes\/images\/media\/audio.svg\",\"width\":48,\"height\":64},\"thumb\":{\"src\":\"https:\/\/klasztorwieliczka.pl\/wp-includes\/images\/media\/audio.svg\",\"width\":48,\"height\":64}},{\"src\":\"https:\/\/klasztorwieliczka.pl\/wp-content\/uploads\/2026\/05\/18.-Patron-zza-sciany.mp3\",\"type\":\"audio\/mpeg\",\"title\":\"18. Patron zza \\u015bciany\",\"caption\":\"\",\"description\":\"\\\"18. Patron zza \\u015bciany\\\". Wydano: 2026.\",\"meta\":{\"year\":\"2026\",\"length_formatted\":\"1:17\"},\"image\":{\"src\":\"https:\/\/klasztorwieliczka.pl\/wp-includes\/images\/media\/audio.svg\",\"width\":48,\"height\":64},\"thumb\":{\"src\":\"https:\/\/klasztorwieliczka.pl\/wp-includes\/images\/media\/audio.svg\",\"width\":48,\"height\":64}}]}<\/script>\n<\/div>\n\t\n<\/div><\/div><\/div><\/div><\/div>\n","protected":false},"excerpt":{"rendered":"","protected":false},"author":5,"featured_media":0,"parent":0,"menu_order":0,"comment_status":"closed","ping_status":"closed","template":"","meta":{"footnotes":""},"class_list":["post-2805","page","type-page","status-publish","hentry"],"_links":{"self":[{"href":"https:\/\/klasztorwieliczka.pl\/index.php\/wp-json\/wp\/v2\/pages\/2805","targetHints":{"allow":["GET"]}}],"collection":[{"href":"https:\/\/klasztorwieliczka.pl\/index.php\/wp-json\/wp\/v2\/pages"}],"about":[{"href":"https:\/\/klasztorwieliczka.pl\/index.php\/wp-json\/wp\/v2\/types\/page"}],"author":[{"embeddable":true,"href":"https:\/\/klasztorwieliczka.pl\/index.php\/wp-json\/wp\/v2\/users\/5"}],"replies":[{"embeddable":true,"href":"https:\/\/klasztorwieliczka.pl\/index.php\/wp-json\/wp\/v2\/comments?post=2805"}],"version-history":[{"count":11,"href":"https:\/\/klasztorwieliczka.pl\/index.php\/wp-json\/wp\/v2\/pages\/2805\/revisions"}],"predecessor-version":[{"id":2846,"href":"https:\/\/klasztorwieliczka.pl\/index.php\/wp-json\/wp\/v2\/pages\/2805\/revisions\/2846"}],"wp:attachment":[{"href":"https:\/\/klasztorwieliczka.pl\/index.php\/wp-json\/wp\/v2\/media?parent=2805"}],"curies":[{"name":"wp","href":"https:\/\/api.w.org\/{rel}","templated":true}]}}